se 6
-50
What is -421 (base 5) in base 11?
-a1
Convert 71 (base 15) to base 13.
82
-71 (base 12) to base 14
-61
Convert -58 (base 10) to base 15.
-3d
What is -1443 (base 5) in base 12?
-188
Convert 11 (base 7) to base 15.
8
What is 0 (base 6) in base 4?
0
What is 1120 (base 3) in base 9?
46
2 (base 14) to base 15
2
Convert 4d (base 15) to base 10.
73
Convert 12 (base 6) to base 12.
8
What is 6 (base 8) in base 12?
6
-17 (base 10) to base 13
-14
Convert -4 (base 6) to base 9.
-4
What is 2 (base 8) in base 6?
2
Convert 4 (base 11) to base 2.
100
7 (base 10) to base 8
7
What is 5 (base 11) in base 15?
5
452 (base 6) to base 14
c8
-2 (base 6) to base 8
-2
-51 (base 7) to base 11
-33
3212 (base 4) to base 11
19a
What is 22 (base 3) in base 8?
10
2 (base 3) to base 5
2
Convert -10101 (base 2) to base 3.
-210
-1 (base 5) to base 6
-1
Convert -1 (base 9) to base 6.
-1
-b (base 15) to base 8
-13
What is -11 (base 2) in base 10?
-3
0 (base 3) to base 11
0
0 (base 16) to base 12
0
What is 130 (base 7) in base 3?
2121
Convert -11 (base 2) to base 10.
-3
-3 (base 14) to base 7
-3
-23 (base 5) to base 2
-1101
Convert -131 (base 5) to base 14.
-2d
204 (base 6) to base 8
114
-7 (base 15) to base 2
-111
Convert 2 (base 3) to base 14.
2
-1 (base 10) to base 5
-1
What is -2 (base 10) in base 15?
-2
-3 (base 6) to base 10
-3
Convert 0 (base 11) to base 10.
0
Convert 201 (base 4) to base 11.
30
-35 (base 10) to base 4
-203
-45 (base 14) to base 7
-115
3 (base 10) to base 8
3
0 (base 14) to base 15
0
What is 200 (base 3) in base 9?
20
What is 13 (base 16) in base 6?
31
101 (base 2) to base 5
10
-4c (base 14) to base 4
-1010
What is -11 (base 7) in base 14?
-8
-11 (base 11) to base 4
-30
What is 1 (base 11) in base 16?
1
Convert -4 (base 8) to base 3.
-11
What is -11 (base 9) in base 3?
-101
What is -7 (base 10) in base 13?
-7
What is -2 (base 4) in base 10?
-2
-254 (base 10) to base 16
-fe
3 (base 13) to base 11
3
-4 (base 9) to base 13
-4
4 (base 16) to base 7
4
What is 6 (base 10) in base 3?
20
What is -3 (base 5) in base 7?
-3
Convert 2 (base 7) to base 12.
2
-102 (base 6) to base 12
-32
What is -6b (base 15) in base 11?
-92
What is -5 (base 6) in base 3?
-12
What is -10010 (base 3) in base 9?
-103
Convert 3 (base 4) to base 16.
3
What is -9 (base 15) in base 13?
-9
What is 7 (base 11) in base 13?
7
-3 (base 14) to base 2
-11
-19 (base 11) to base 16
-14
-10 (base 5) to base 10
-5
What is -12 (base 7) in base 6?
-13
Convert -310 (base 4) to base 13.
-40
-15 (base 12) to base 9
-18
Convert 42 (base 16) to base 11.
60
What is -12 (base 5) in base 13?
-7
50 (base 8) to base 16
28
What is -10 (base 8) in base 12?
-8
Convert b8 (base 16) to base 2.
10111000
What is -70 (base 11) in base 12?
-65
What is 3 (base 16) in base 15?
3
Convert -23 (base 7) to base 12.
-15
What is 10 (base 3) in base 4?
3
10 (base 2) to base 12
2
Convert -c4 (base 15) to base 8.
-270
Convert 38 (base 12) to base 15.
2e
Convert -14 (base 14) to base 12.
-16
Convert -112 (base 3) to base 12.
-12
Convert 0 (base 16) to base 12.
0
What is -32 (base 5) in base 7?
-23
5 (base 7) to base 9
5
Convert 1 (base 7) to base 15.
1
What is -64 (base 14) in base 16?
-58
Convert 231 (base 8) to base 13.
ba
-11110 (base 2) to base 7
-42
Convert 0 (base 3) to base 12.
0
b (base 14) to base 15
b
What is -13 (base 6) in base 5?
-14
What is b (base 12) in base 3?
102
2 (base 15) to base 11
2
Convert -6 (base 13) to base 8.
-6
What is 30 (base 4) in base 3?
110
What is 2 (base 5) in base 3?
2
21 (base 9) to base 11
18
-3 (base 10) to base 4
-3
Convert -2 (base 11) to base 14.
-2
Convert 10 (base 4) to base 3.
11
a (base 15) to base 14
a
What is -10 (base 4) in base 16?
-4
22 (base 4) to base 14
a
What is 110 (base 2) in base 5?
11
Convert 125 (base 11) to base 9.
174
Convert -5 (base 16) to base 11.
-5
6 (base 13) to base 14
6
What is 1 (base 11) in base 12?
1
-20 (base 7) to base 3
-112
-12 (base 5) to base 3
-21
-4 (base 10) to base 7
-4
What is -2 (base 16) in base 11?
-2
What is 10202 (base 3) in base 12?
85
What is 1 (base 5) in base 3?
1
What is 3 (base 6) in base 2?
11
What is 6 (base 14) in base 3?
20
What is 0 (base 10) in base 6?
0
What is 3 (base 6) in base 5?
3
45 (base 16) to base 11
63
What is 1 (base 13) in base 7?
1
-7 (base 11) to base 8
-7
What is 21 (base 3) in base 6?
11
Convert -21 (base 4) to base 9.
-10
Convert -31 (base 11) to base 10.
-34
What is -14 (base 5) in base 13?
-9
What is 5 (base 8) in base 10?
5
-7 (base 13) to base 9
-7
1 (base 2) to base 14
1
Convert -3 (base 10) to base 11.
-3
120 (base 3) to base 10
15
Convert 7 (base 11) to base 3.
21
What is 321 (base 4) in base 3?
2010
Convert 1e (base 16) to base 12.
26
-f (base 16) to base 6
-23
What is -1041 (base 6) in base 15?
-111
4 (base 12) to base 14
4
Convert 10 (base 16) to base 7.
22
Convert 302 (base 4) to base 16.
32
4 (base 6) to base 5
4
Convert -1 (base 11) to base 8.
-1
-2 (base 16) to base 4
-2
What is 2b (base 14) in base 2?
100111
What is -c (base 16) in base 9?
-13
Convert 66 (base 7) to base 9.
53
What is -9 (base 13) in base 9?
-10
What is 2 (base 11) in base 9?
2
Convert 234 (base 7) to base 3.
11120
What is 5 (base 9) in base 7?
5
239 (base 11) to base 15
13e
What is -1 (base 9) in base 10?
-1
What is 74 (base 14) in base 8?
146
What is 153 (base 10) in base 8?
231
-2 (base 16) to base 5
-2
What is -14 (base 7) in base 2?
-1011
-220 (base 4) to base 14
-2c
What is 0 (base 12) in base 14?
0
-222 (base 6) to base 7
-152
What is -4 (base 10) in base 2?
-100
-cf (base 16) to base 9
-250
Convert 20 (base 5) to base 3.
101
40 (base 7) to base 14
20
-3 (base 14) to base 13
-3
What is 16 (base 8) in base 2?
1110
Convert 132 (base 4) to base 10.
30
Convert -313 (base 5) to base 3.
-10002
Convert -1211 (base 4) to base 15.
-6b
Convert -110 (base 7) to base 14.
-40
25 (base 12) to base 10
29
-5 (base 10) to base 12
-5
-32 (base 9) to base 6
-45
Convert 3 (base 16) to base 13.
3
-1 (base 16) to base 4
-1
What is b (base 14) in base 3?
102
What is -19 (base 10) in base 5?
-34
-157 (base 11) to base 16
-b7
What is 212 (base 4) in base 14?
2a
What is -9c (base 14) in base 13?
-a8
1 (base 10) to base 6
1
12 (base 10) to base 8
14
Convert 453 (base 8) to base 11.
252
-43 (base 6) to base 13
-21
0 (base 2) to base 7
0
Convert 0 (base 9) to base 2.
0
Convert 10 (base 10) to base 2.
1010
Convert 12 (base 14) to base 16.
10
What is -13 (base 6) in base 13?
-9
Convert -2211 (base 3) to base 9.
-84
Convert -3 (base 9) to base 5.
-3
What is 7 (base 8) in base 15?
7
20 (base 8) to base 4
100
-4 (base 11) to base 6
-4
Convert 24 (base 5) to base 8.
16
What is -3 (base 6) in base 4?
-3
-63 (base 16) to base 11
-90
What is 3 (base 13) in base 12?
3
What is -20010 (base 3) in base 8?
-245
Convert 36 (base 16) to base 11.
4a
What is -1 (base 11) in base 13?
-1
What is -1120 (base 3) in base 10?
-42
101 (base 3) to base 6
14
Convert 152 (base 6) to base 15.
48
-bb (base 12) to base 14
-a3
What is -31 (base 6) in base 8?
-23
What is 8 (base 16) in base 12?
8
What is 26 (base 16) in base 8?
46
What is 22 (base 7) in base 16?
10
5 (base 6) to base 16
5
What is 301 (base 5) in base 6?
204
-26 (base 12) to base 10
-30
Convert 2 (base 4) to base 15.
2
What is 31 (base 12) in base 11?
34
Convert 3 (base 13) to base 7.
3
Convert -21 (base 4) to base 7.
-12
What is 10 (base 3) in base 8?
3
What is 47 (base 8) in base 16?
27
What is 110 (base 8) in base 10?
72
What is -19 (base 14) in base 10?
-23
Convert -5 (base 15) to base 5.
-10
Convert -6 (base 13) to base 14.
-6
What is 110 (base 7) in base 5?
211
101 (base 2) to base 8
5
Convert -1 (base 12) to base 6.
-1
What is 100 (base 2) in base 9?
4
What is 7 (base 12) in base 6?
11
What is -2 (base 9) in base 13?
-2
What is -101 (base 2) in base 16?
-5
What is -1010 (base 2) in base 14?
-a
233 (base 10) to base 4
3221
-3 (base 13) to base 10
-3
2 (base 16) to base 6
2
3e (base 15) to base 12
4b
What is 3 (base 12) in base 15?
3
What is -42 (base 16) in base 13?
-51
Convert 101 (base 4) to base 7.
23
-11 (base 5) to base 11
-6
What is -33 (base 9) in base 14?
-22
3 (base 6) to base 16
3
-3 (base 13) to base 10
-3
-37 (base 16) to base 2
-110111
Convert 211 (base 3) to base 9.
24
Convert 17 (base 8) to b